digit of 167224783?
7
What is the ten millions digit of 55713162?
5
What is the hundred thousands digit of 164066579?
0
What is the millions digit of 1299985307?
9
What is the units digit of 268892862?
2
What is the ten thousands digit of 63273104?
7
What is the units digit of 31176153?
3
What is the tens digit of 303487350?
5
What is the billions digit of 1966174874?
1
What is the billions digit of 2250732416?
2
What is the hundred millions digit of 2922932189?
9
What is the hundred thousands digit of 760817773?
8
What is the millions digit of 63699113?
3
What is the ten millions digit of 3121098987?
2
What is the hundred millions digit of 561591304?
5
What is the hundred millions digit of 119636521?
1
What is the hundreds digit of 822789978?
9
What is the hundred thousands digit of 595603359?
6
What is the thousands digit of 268454412?
4
What is the tens digit of 374199845?
4
What is the thousands digit of 1717102973?
2
What is the tens digit of 14360936?
3
What is the millions digit of 765208020?
5
What is the millions digit of 36409216?
6
What is the ten thousands digit of 2046101423?
0
What is the units digit of 64253928?
8
What is the hundred thousands digit of 50750095?
7
What is the hundred millions digit of 4603586273?
6
What is the thousands digit of 39460800?
0
What is the tens digit of 139944398?
9
What is the millions digit of 61566353?
1
What is the ten thousands digit of 561214028?
1
What is the hundreds digit of 54693495?
4
What is the units digit of 154620384?
4
What is the thousands digit of 20632655?
2
What is the thousands digit of 127736301?
6
What is the tens digit of 562511549?
4
What is the hundred millions digit of 1353724906?
3
What is the millions digit of 243558546?
3
What is the hundred thousands digit of 1015247922?
2
What is the hundred thousands digit of 120208635?
2
What is the hundred thousands digit of 1089129400?
1
What is the hundred thousands digit of 115098612?
0
What is the ten millions digit of 36960053?
3
What is the ten millions digit of 77598900?
7
What is the ten millions digit of 210469146?
1
What is the hundred thousands digit of 4156063967?
0
What is the hundred millions digit of 5091254830?
0
What is the hundred thousands digit of 40067737?
0
What is the hundred thousands digit of 39759062?
7
What is the ten thousands digit of 4363606?
6
What is the millions digit of 2630470597?
0
What is the hundred millions digit of 524947479?
5
What is the ten millions digit of 5964690868?
6
What is the hundred thousands digit of 127073739?
0
What is the units digit of 4264136480?
0
What is the billions digit of 2947558543?
2
What is the tens digit of 952801051?
5
What is the thousands digit of 64453937?
3
What is the hundred thousands digit of 654062319?
0
What is the millions digit of 88692465?
8
What is the ten millions digit of 846015086?
4
What is the units digit of 51720654?
4
What is the ten millions digit of 68400272?
6
What is the hundreds digit of 217846381?
3
What is the units digit of 652140955?
5
What is the hundred thousands digit of 14302495?
3
What is the hundreds digit of 653595618?
6
What is the hundred thousands digit of 1451576485?
5
What is the hundred millions digit of 209897483?
2
What is the thousands digit of 2451773722?
3
What is the ten millions digit of 211414615?
1
What is the hundred thousands digit of 429235940?
2
What is the hundred thousands digit of 192312065?
3
What is the hundreds digit of 30698492?
4
What is the thousands digit of 27054763?
4
What is the ten thousands digit of 196597433?
9
What is the hundred thousands digit of 3004775674?
7
What is the tens digit of 555263209?
0
What is the hundred thousands digit of 1415335708?
3
What is the thousands digit of 1049260598?
0
What is the ten millions digit of 126303600?
2
What is the ten millions digit of 172608619?
7
What is the hundred thousands digit of 1236917315?
9
What is the units digit of 153678108?
8
What is the hundred millions digit of 3385133654?
3
What is the hundred thousands digit of 1689428861?
4
What is the hundred millions digit of 408178339?
4
What is the units digit of 63992687?
7
What is the millions digit of 531365479?
1
What is the ten thousands digit of 283451582?
5
What is the millions digit of 1074585925?
4
What is the units digit of 116373480?
0
What is the hundreds digit of 105215111?
1
What is the ten millions digit of 66943047?
6
What is the hundreds digit of 160312657?
6
What is the units digit of 72429195?
5
What is the millions digit of 5621474?
5
What is the thousands digit of 347947565?
7
What is the millions digit of 187548082?
7
What is the thousands digit of 82157943?
7
What is the hundreds digit of 996743930?
9
What is the hundred millions digit of 3566683444?
5
What is the hundreds digit of 613762003?
0
What is the ten millions digit of 149197680?
4
What is the millions digit of 361605449?
1
What is the millions digit of 27706744?
7
What is the millions digit of 470324656?
0
What is the hundred millions digit of 298054211?
2
What is the hundred thousands digit of 69045349?
0
What is the hundreds digit of 351967908?
9
What is the hundreds digit of 253292040?
0
What is the ten millions digit of 44268523?
4
What is the thousands digit of 7124298594?
8
What is the thousands digit of 45480860?
0
What is the millions digit of 361306563?
1
What is the millions digit of 54309239?
4
What is the units digit of 48569089?
9
What is the units digit of 158720663?
3
What is the tens digit of 3910525877?
7
What is the units digit of 174511822?
2
What is the tens digit of 323802301?
0
What is the millions digit of 10456715?
0
What is the ten thousands digit of 1876316552?
1
What is the millions digit of 1769093169?
9
What is the hundred millions digit of 6055728246?
0
What is the ten thousands digit of 165312097?
1
What is the thousands digit of 527599218?
9
What is the thousands digit of 210299703?
9
What is the hundreds digit of 255027085?
0
What is the units digit of 54985474?
4
What is the ten thousands digit of 58787933?
8
What is the millions digit of 50088366?
0
What is the thousands digit of 259007228?
7
What is the ten thousands digit of 271292674?
9
What is the ten thousands digit of 5130437583?
3
What is the hundreds digit of 46794239?
2
What is the millions digit of 308422380?
8
What is the hundreds digit of 1101543279?
2
What is the hundred thousands digit of 188742249?
7
What is the thousands digit of 8456403?
6
What is the ten thousands digit of 31263675?
6
What is the ten millions digit of 62916370?
6
What is the ten thousands digit of 144186524?
8
What is the tens digit of 2198890641?
4
What is the hundred thousands digit of 9196140?
1
What is the millions digit of 6741488?
6
What is the ten thousands digit of 689387620?
8
What is the units digit of 111073316?
6
What is the ten thousands digit of 54420801?
2
What is the millions digit of 559702099?
9
What is the tens digit of 83533723?
2
What is the hundred millions digit of 933153408?
9
What is the hundred thousands digit of 65556874?
5
What is the hundred thousands digit of 76251148?
2
What is the tens digit of 114999403?
0
What is the hundred thousands digit of 5795872?
7
What is the hundred thousands digit of 1552500768?
5
What is the ten thousands digit of 379012923?
1
What is the ten thousands digit of 3078132324?
3
What is the units digit of 786651476?
6
What is the units digit of 108961548?
8
What is the millions digit of 1008345997?
8
What is the units digit of 2796657809?
9
What is the ten thousands digit of 841444525?
4
What is the hundred millions digit of 146301228?
1
What is the millions digit of 3108549812?
8
What is the units digit of 260610333?
3
What is the tens digit of 625930046?
4
What is the tens digit of 78736800?
0
What is the hundred thousands digit of 561320841?
3
What is the millions digit of 127714568?
7
What is the hundreds digit of 3152030155?
1
What is the units digit of 27639045?
5
What is the units digit of 181110922?
2
What is the tens digit of 109316514?
1
What is the thousands digit of 358498938?
8
What is the units digit of 564884308?
8
What is the ten millions digit of 237254667?
3
What is the ten millions digit of 193608704?
9
What is the thousands digit of 1345959230?
9
What is the units d